eds digit of o?
7
Let k be ((-218)/(-4))/(10/60). Suppose k + 519 = 3*l. What is the tens digit of l?
8
Let p = 33 + -29. Suppose 21 = q - p*q. Let t(m) = 2*m**2 + 9*m + 12. What is the units digit of t(q)?
7
Let u(i) = 7*i**2 + 190*i + 20. What is the thousands digit of u(-37)?
2
Suppose 0 = -2*r - p - 135, -2*r + 5*p - 140 = 7*p. What is the tens digit of (r/2 + -4)/((-3)/18)?
1
Suppose -5*r = a - 821 - 1543, -2*a + 944 = 2*r. What is the tens digit of r?
7
Let v(z) = z**3 - 15*z**2 - 17*z - 6. What is the units digit of v(17)?
3
What is the units digit of (-12)/15 - 15895/(-25)?
5
Suppose 3*d = 5*h + 37, -d - 5*h + 0 - 1 = 0. Suppose d = j + 7. What is the units digit of j?
2
Suppose z - 9 = -2. Suppose 72 - 2 = z*o. Let r(a) = 8*a - 15. What is the units digit of r(o)?
5
Let y(d) = -d**3 + 11*d**2 + 15*d - 6. Suppose -6*p = -0*p - 72. What is the units digit of y(p)?
0
Suppose 28*q + y - 890 = 27*q, 0 = -3*q + y + 2690. What is the tens digit of q?
9
What is the units digit of 2130/(-4)*(182/35 - 6)?
6
Let f(g) = -15*g + 1. Let w = 18 + -17. Let z be f(w). Let l(n) = n**2 + 14*n + 8. What is the units digit of l(z)?
8
Let x(w) = -w**2 + 5*w - 4. Let u be x(4). Let t be u + (0 - -1) - -12. Let n = 25 - t. What is the tens digit of n?
1
Let x(j) = -3*j + 18. Let a be x(7). What is the units digit of 520/12 + a/9?
3
Let x(p) be the first derivative of -1/2*p**2 + 2*p + 4. What is the units digit of x(1)?
1
Let y(i) = -i**2 - 2*i + 6. Let m be y(0). Suppose -3*l - 2*o = -158, 3*l - m*l - o = -157. What is the units digit of l?
2
Suppose -334 + 35 = -13*z. What is the tens digit of z?
2
Let i(f) = f**2 + 18*f - 10. What is the hundreds digit of i(17)?
5
Let c = -353 - -1170. What is the units digit of c?
7
Suppose 3*o - 5781 = 5*q + 9439, -2*q = 5*o - 25315. What is the tens digit of o?
6
Let f be -3 - ((-2 - -197) + -1). Let u = -42 - f. Suppose -4 = -4*q, 4*m + q - 2*q = u. What is the tens digit of m?
3
Let s(k) = k**3 - 2*k**2 - 2*k + 2. Let x be s(2). What is the units digit of 3 - (x - -3 - 111)?
3
Let p be (-1)/(4 + -5)*2. Suppose 5*m - p*m - 315 = 0. What is the tens digit of m?
0
Let q = 16 - 41. What is the tens digit of (q/(-4))/((2 + -1)/24)?
5
Let a be ((-2)/4)/((-4)/16). Let i(k) = 6*k**a - 5*k**2 - 1 + k**2. What is the tens digit of i(-3)?
1
Suppose -o + 2*f = -0*o - 2, 8 = 3*o - 5*f. Suppose 6*y - 2400 = -o*y. What is the hundreds digit of y?
2
Let s = 1940 + -542. What is the hundreds digit of s?
3
Let p be (-372)/(-7) - (-16)/(-112). Suppose -3*j = 2*u - p, -4*j = -4*u + 84 - 8. What is the tens digit of u?
2
Let j = -3854 + 5470. What is the hundreds digit of j?
6
Let j be (9/6)/((-3)/(-8)). What is the tens digit of (2 + (-21)/(-4))*j?
2
Let x(i) = 482*i**2. Let l be x(-1). Suppose -2*k + 114 = u, -4*u + l = -7*k + 2*k. What is the tens digit of u?
1
Let c(n) = 11*n**2 + 271*n - 19. What is the hundreds digit of c(-31)?
1
Suppose -164 = -4*k + 3*k. Let d = k - 90. What is the units digit of d?
4
Suppose -7 = 3*p - 22, 5*h - 130 = 2*p. Suppose 24*i = h*i - 48. What is the tens digit of (-30)/i*22/(-5)?
1
What is the hundreds digit of (201 - -3)*(-40)/(-12)?
6
Suppose 0 = 4*k - 8, -2*r + 5*k + 1367 = -799. What is the thousands digit of r?
1
Suppose i + 3*c = 363, 5*c - 9*c + 1468 = 4*i. What is the hundreds digit of i?
3
Let q(d) = 5*d**2 - 41*d + 53. What is the tens digit of q(13)?
6
Let k(v) = 6*v + 36. Let m be k(-6). Suppose w + a = 147, m*a + 742 = 5*w - 2*a. What is the tens digit of w?
4
Suppose 15*r = 14*r + 3. Suppose x - r*i = 2*i + 301, 3*i - 867 = -3*x. What is the tens digit of x?
9
Let n = 875 + -629. What is the hundreds digit of n?
2
Let h be (-2)/7 - (-368)/112. Suppose 0 = -h*v - j - j + 32, 5*v + 2*j - 52 = 0. What is the tens digit of v?
1
Let f = -2870 - -6266. What is the tens digit of f?
9
Let h(z) = z**2 - 23*z + 24. Let t be h(22). Suppose 126 = -t*r + 4*r. What is the units digit of r?
3
Suppose -4*m + 430 = m - 5*l, -3*m = -5*l - 262. What is the tens digit of m?
8
Suppose -4*h + 5*h = -3. Let s be -2*(h - (-1 - 1)). What is the units digit of s*-1 - (-23 - -5)?
6
Let z(x) = x**3 - 31*x**2 + 8*x + 12. What is the tens digit of z(31)?
6
Let y(d) = 4*d**2 + 5*d + 19. Let g(f) = -f**2 - f + 1. Let m(z) = 5*g(z) + y(z). What is the tens digit of m(0)?
2
Suppose -21*f = -4*f - 7157. What is the tens digit of f?
2
Suppose 4*n = -4*f - f + 2905, -2*n - 2*f = -1454. What is the tens digit of n?
3
Let z(y) = -y**2 + 6*y - 4. Let l be z(2). Suppose -2*q + r + 2 = -9, 4*r - 5 = q. Suppose -k - 3*v = -q*v - 19, l*k = -v + 127. What is the tens digit of k?
3
What is the hundreds digit of (-74)/296 + 7090/8?
8
Let d = -23 - -135. Let u = d - 53. What is the tens digit of u?
5
Let z be (-2 - 0) + 0 - 8/(-1). Suppose 148 = z*w - 20. What is the units digit of w?
8
Let t be ((-6)/9)/(4/6). Let s(a) = 3*a**3 + 2*a - 65209*a**2 + 1 - 40*a**3 + 65210*a**2. What is the units digit of s(t)?
7
Let g(u) = -35*u - 494. What is the tens digit of g(-18)?
3
Let w(m) = -51*m - 4. Let x be w(-2). Let d = -38 + x. Suppose 0*b = -5*b + d. What is the units digit of b?
2
Let n(v) = 2*v**3 - 18*v**2 - 11*v + 26. What is the thousands digit of n(13)?
1
Suppose -5*j = -4*k - 848, 276 = 2*j + k - 58. Let s = -79 + j. What is the tens digit of s?
8
Let a be -5*26/10*-2. What is the tens digit of (70/(-7))/((-2)/a*2)?
6
Suppose 15*l - 11*l + 3*s - 8170 = 0, 2*l + 4*s - 4080 = 0. What is the hundreds digit of l?
0
Let f be 2/1 + -3 - -80. Suppose 8*a = 15*a - 56. Suppose -a = -3*m + f. What is the tens digit of m?
2
Suppose -35*m = 9*m - 39600. What is the tens digit of m?
0
Let x(t) = 16*t - 16 - 10 + 18 - t**2. What is the tens digit of x(7)?
5
Suppose -508 = -3*q - 5*c, 4*q = -4*c + 498 + 190. Let o = q + -43. What is the units digit of o?
3
Suppose 7*q - 1229 + 102 = 0. What is the hundreds digit of q?
1
Let i = -80 - -43. Let y = -36 - i. What is the units digit of y?
1
Let g be (-40 + 4/4)*-1. Suppose -2*c = o - 5 - 14, -4*c - o = -g. What is the tens digit of c?
1
Let n(j) = -13*j + 0 + 16 + 21*j - 6*j. Let b be -2*14*(-2)/(-8). What is the units digit of n(b)?
2
Let y(b) = 42*b**2 - b - 18*b**2 + 2*b**3 - 1 - 26*b**2. What is the units digit of y(2)?
5
What is the units digit of 5750/26 - (768/(-78) + 10)?
1
Let p(r) = 37*r**2 - 8*r + 35. What is the thousands digit of p(-6)?
1
Suppose 0 = -3*r - 6, -5*l - 6*r + r = 30. Let q be 3 + -14*2/l. Suppose -9 - q = -t. What is the units digit of t?
9
Let p = 17 - 14. Suppose -4*g = -3*o + 188, 0*g + p*o - 94 = 2*g. Let f = 79 + g. What is the units digit of f?
2
Suppose -3*p - 15 - 18 = 0. Let a(y) = 3*y**2 + 29*y - 7. Let o(b) = -2*b**2 - 19*b + 5. Let z(x) = -5*a(x) - 7*o(x). What is the tens digit of z(p)?
1
Let g(b) = -34*b**2 + 1123. What is the tens digit of g(0)?
2
Let a(v) = v**3 - 7*v**2 + 4*v + 7. Let h be a(6). What is the units digit of 477/6 - ((-27)/6 - h)?
9
Suppose k + 13*r - 338 = 17*r, -3*k = 2*r - 1000. What is the tens digit of k?
3
Let y(o) be the first derivative of -o**4/2 + 34*o**3/3 + 5*o**2/2 - 22*o - 30. What is the tens digit of y(17)?
6
Suppose 172694 = 28*l + 31378. What is the hundreds digit of l?
0
Let y(g) be the third derivative of g**6/120 - g**5/10 - g**4/3 + 3*g**3/2 - 12*g**2. Let j be y(7). Suppose j*o - 49 = 33. What is the tens digit of o?
4
Let b(d) = d - 1. Let p(m) = 7. Let q(i) = 5*b(i) + p(i). What is the units digit of q(1)?
7
Let l = -15 - -17. Let n = 45 + -38. Suppose -n*j = -l*j - 175. What is the units digit of j?
5
What is the units digit of (4383/6)/(((-306)/24)/(-17))?
4
Let h(x) = 7*x**2 - 2 - x**3 + 7 + 2*x + 3*x. Let l = 271 - 265. What is the units digit of h(l)?
1
Let q = 999 - 547. What is the units digit of q?
2
Suppose 3*u = -q + 408, -2*q - 31*u + 29*u = -824. What is the tens digit of q?
1
Let y be (-70)/4*(-24)/5. Suppose 10 = 6*q - 4*q. Suppose q*p + 3*l = y, 2*p + 0*p - 4*l = 44. What is the tens digit of p?
1
Suppose 3*x - 305 = 2*a - a, -4*x + 4*a + 396 = 0. Let s = 74 - x. Let w = s - -62. What is the units digit of w?
3
Let b be ((-6)/10)/(8/(-40)). Suppose 0 = -b*k + 9*k - 60. What is the tens digit of k?
1
Let f(d) = 4*d - 1. Let s be f(-3). Let a = s + 17. What is the tens digit of 88/a + (-2 - 1)?
1
Suppos